 x be p(4). Is 55 + -1 + (x - 0) a composite number?
False
Let b = 228 + -83. Is b composite?
True
Let c = -5353 + 8712. Is c a composite number?
False
Let y = 405 + -146. Is y a composite number?
True
Let b(x) = x. Let s(h) = -2*h**3 + 7*h**2 - 2*h + 1. Let c(l) = 3*b(l) - s(l). Let w be ((-10)/(-15))/((-1)/(-6)). Is c(w) a composite number?
True
Let t(p) = 1. Let g(s) = s**3 - s**2 + s - 11. Let o(k) = -g(k) + 3*t(k). Is o(0) a composite number?
True
Let w = 4679 - 2070. Is w a composite number?
False
Let x be (2/(-2))/((-4)/100). Suppose -x = -4*c - 9. Suppose c*o - 9 = 35. Is o prime?
True
Suppose 5*c + c - 690 = 0. Is c a prime number?
False
Let y(h) = -3*h**3 + h**2 - 7*h - 1. Is y(-8) composite?
True
Let j(b) = 21 - 5*b - 7*b**2 + 2*b**3 - 16 - b - 3*b**3. Is j(-9) composite?
True
Let g be -30*((-28)/6 - 0). Suppose u + 3*i - g = 0, -u + 3*i - 274 = -3*u. Is u a prime number?
False
Suppose -2 + 0 = w. Is 32 + (w + 0)/2 a prime number?
True
Let o(z) = 653*z**2 - z - 3. Is o(-2) a prime number?
False
Let g(z) = z**3 - z + 199. Let q be g(0). Suppose 0 = 2*h - 8, 2*d = -3*d - h + q. Suppose -261 = -3*u - d. Is u prime?
False
Suppose 2*p - 3*a - 983 = 0, a - 2*a = -2*p + 977. Is p a composite number?
False
Let r(i) = 4 - 2*i**2 - 32*i + 20 - 3*i**2. Let b(j) = -2*j**2 - 11*j + 8. Let x(g) = 8*b(g) - 3*r(g). Is x(6) a prime number?
False
Let k(c) = -14*c**2 - 2 - 2*c + 142*c**2 + 4*c + c. Let a be k(-4). Is (-1)/(-4) - a/(-24) a prime number?
False
Suppose 4*i + w = 168, -3*i + 133 = -0*i - w. Is i a composite number?
False
Suppose 2*n = -4*j - n + 116, 88 = 4*j - 4*n. Is j/(36/(-21) - -2) a prime number?
False
Let p = -92 - -207. Is p a composite number?
True
Let k(p) = 9*p + 8. Let h be k(7). Suppose -4*o - 4*m + 78 = -2*m, -h = -4*o + 5*m. Is o composite?
False
Suppose -8*s + 24305 = 5569. Is s a composite number?
True
Suppose v = -4*v - d + 7, 5*v + 5*d = -5. Suppose -v*i + 1044 - 382 = 0. Is i a prime number?
True
Suppose 4*w - 245 = 2015. Is w a composite number?
True
Let i be ((-6)/(-9))/(2/18). Suppose 0 = o - 17 + i. Is o composite?
False
Suppose -2*m + 22 = 2*k, 5*k + m - 39 = -0*m. Suppose 0 = -3*l - k + 22. Suppose l*v = 10 + 10. Is v prime?
False
Let q be 9/(-6)*(-2 + 0). Suppose -2*r - 187 = -q*r + 4*n, -4*n = -3*r + 569. Is r prime?
True
Suppose 5*s - 6 - 4 = 0. Suppose 0 = 5*z + 7*y - 3*y - 239, z - s*y = 59. Is z a prime number?
False
Let k = -10 - -16. Let a(w) = 24*w + 13. Is a(k) prime?
True
Is 12/24*(-442)/(-1) a prime number?
False
Let o = 1 + -24. Let i = o - -45. Is i prime?
False
Let y(f) = f**3 - 4*f**2 + 4*f - 3. Let u be y(3). Let d = 77 + -39. Suppose -2*b + d = -u*b. Is b prime?
True
Suppose -16 = -2*x - 2*x. Suppose 10 = q - x. Is q composite?
True
Let f = -14 - -9. Is (-3)/f - (-4088)/70 composite?
False
Let m(b) = -b**3 - 8*b**2 - 7*b + 3. Let j be m(-7). Suppose -134 = -4*a + 5*r, 14 = -a + j*r + 51. Is a a composite number?
False
Let c(r) = -r**3 - 4*r**2 + 3*r + 1. Suppose -4*n - 2 - 22 = 0. Is c(n) composite?
True
Let n = -280 - -933. Is n a prime number?
True
Suppose m + 3*z - 607 = 0, -5*z = -0*m - 3*m + 1849. Is m a composite number?
False
Suppose 0 = -2*n + 10, -2*l - n - 163 = l. Suppose -4*w - 23 = 5*r - 2*w, -3*w - 12 = 0. Is l/r - 1/(-3) composite?
False
Suppose 4*w + 1639 = 4*d + 5*w, 0 = -3*d + 5*w + 1258. Is d composite?
True
Suppose -4*g = -2*g + m - 355, 5*m = -g + 164. Is g composite?
False
Let s = 387 - -92. Is s a prime number?
True
Suppose -12 = 4*r - 84. Suppose 0 = -5*q - r - 7. Let z = 16 - q. Is z prime?
False
Is (2 + 386)/(6/15*5) a prime number?
False
Let n(y) = 2*y**3 + 2*y**2 + 2*y + 6. Let m be n(-4). Let o = m - -48. Is -3 - o - -1 - 2 prime?
False
Is (16/48)/((-1)/(-33)) a prime number?
True
Suppose -t - 12 = -4*t. Is (-153)/(-15)*(t - -1) a composite number?
True
Suppose -5*i - 5*t + 2*t + 2057 = 0, 4*t = -3*i + 1243. Is i composite?
False
Suppose 1814 = -2*r + 4*r. Is r composite?
False
Suppose 0 = d + 3, -3*n - d + 2195 = 179. Is n a composite number?
False
Suppose k = -2*k. Suppose p = -k*p + 97. Is p composite?
False
Let i = -25 - -68. Let x = i - 29. Is x a prime number?
False
Let b(c) = -109*c - 1. Suppose -2*m + 15 = 3*i, -m + 24 - 6 = 5*i. Let u(o) = -217*o - 2. Let n(l) = m*u(l) - 5*b(l). Is n(-2) a prime number?
True
Let s(w) = -w**2 + 10*w + 10. Let a be s(10). Let q = a + -3. Is q a composite number?
False
Let l(x) = x + 5. Let m be l(-3). Let s be (24/(-20))/((-1)/5). Suppose 3*k - 263 = m*t, 360 = 4*k + t - s*t. Is k a composite number?
True
Let r(o) = 2*o**2 + 13*o - 2. Suppose 4*y - 9 = 5*y. Is r(y) prime?
True
Is ((-14)/(-6) - 2)*159 a prime number?
True
Suppose z + 8 = 5. Is 7*z/((-3)/1) composite?
False
Let a(h) = -h**3 - 9*h**2 - 9*h - 4. Let y be a(-8). Suppose 3*o + 0*v + 5*v - 64 = 0, 2*v + 42 = y*o. Is o a prime number?
True
Let p(s) = 57*s**3 + 5*s**2 + 3*s - 4. Is p(3) a prime number?
False
Let q be (0 + 0)*(-1)/(-2). Suppose -65 = 5*a - q*a. Let v = 20 + a. Is v a prime number?
True
Suppose -6 = -3*v + 3. Suppose -v*h = -8*h + 20. Suppose -a = h*r - 149, 0 = 2*r - 0*a + 4*a - 78. Is r a composite number?
False
Suppose 0*r - r = 26. Let z = r + 43. Suppose 3*p - d = 40, -4*d + 5 + z = p. Is p a prime number?
False
Let c(b) = b**3 + 5*b**2 - 5*b - 6. Let o(j) = 2*j**3 - 2*j**2 - j. Let q be o(2). Let r(d) = -d + 1. Let x be r(q). Is c(x) prime?
True
Let h(l) = l**2 + 8*l + 9. Let b be h(-8). Is 31*(b/(-3) + 10) composite?
True
Suppose 0 = b + b - 204. Let s be 3 - (-3 + 3 + -1). Suppose -u + s*u - b = 0. Is u composite?
True
Suppose 2*v + 0*t = t + 11, -3*v - 4*t + 11 = 0. Suppose 1228 = v*o - o. Is o composite?
False
Let q = 2 + -2. Suppose q = 2*r - 3*r. Suppose -3*a - a + 204 = r. Is a composite?
True
Let z = -10 - -15. Let w(m) = -5*m + 11. Let b(y) = 16*y - 32. Let i(l) = z*b(l) + 14*w(l). Is i(4) a prime number?
False
Let p be (0 + -232)/((-3)/(-3)). Let l = -21 - p. Is l composite?
False
Suppose -5*k = 2*b - 4*k - 1517, 5*b = 3*k + 3809. Suppose x - 334 = -2*p - 3*x, -5*p + 5*x + b = 0. Is p a prime number?
True
Is (0 - 1543)*3*(-5)/15 prime?
True
Let h be (0/(-1) - 0)/2. Suppose h = 6*n - 3*n - 777. Is n a prime number?
False
Let p(o) = -202*o**3 + 4*o**2 + 4*o + 1. Is p(-1) composite?
True
Let g = 6 - 2. Is ((-284)/(-16) - 1)*g a prime number?
True
Suppose 0 = -g + 4*p - 2 - 25, 0 = 4*g + 4*p + 8. Let f(a) be the second derivative of a**4/12 + 2*a**3/3 + 5*a**2 + 4*a. Is f(g) a composite number?
False
Suppose -4*m = -0*m + 5*y, m - 2*y = 0. Suppose m*j + 4 = 2*j. Suppose -5*r + h - j*h = -26, 0 = -h - 4. Is r composite?
True
Let s = 743 - 406. Is s prime?
True
Let l = -75 + 48. Suppose 2*y = 3*u - 27, -3*y + 5*u - 21 = -y. Is (-912)/l - 4/y a composite number?
True
Let b be 3 + ((-4)/(-2) - 1). Suppose b*k = k + 57. Is k composite?
False
Let f(u) = 22*u - 3. Let d be f(3). Let o = d + 16. Is o a prime number?
True
Suppose w = 3*w - 368. Suppose -3*s - 40 = -142. Suppose -l - w = -5*q, -2*q + 4*l - s = -104. Is q prime?
True
Suppose -9 = -3*s, 3*q + 0*q - 387 = -2*s. Is q a prime number?
True
Suppose -2 = 3*c - 4*c. Suppose 0 = c*f - 235 - 19. Is f prime?
True
Let b = -3 + 5. Suppose 0 = -3*v - 3, b*k + 2*v - 4 = 24. Is k a composite number?
True
Let r be (1 - (-2 + 0)) + -5. Is ((-5)/(-15))/(r/(-462)) prime?
False
Let b = -3 + 6. Suppose -t - j + 13 = 3*t, -b*t = -j - 1. Suppose d + t*d = 186. Is d a composite number?
True
Suppose 0 = -w + 3*w - 8. Suppose -3*v + w*d + 57 = 0, 5*d + 1 = v - 7. Is v a prime number?
True
Suppose -2*c + 745 = 3*c. Is c a prime number?
True
Is (-1)/6 - (-859)/6 a prime number?
False
Suppose 7*s - 5*s - 14 = 5*x, -12 = 3*x - 3*s. Let l(b) = -33*b + 1. Is l(x) a composite number?
False
Let r = 12 + 107. Is r composite?
True
Let s = 55 + -36. Is s composite?
False
Let t(i) = 8*i - 2. Let n(h) = -3 - 3*h + 4 - 2. Let j be n(-1). Is t(j) prime?
False
Let m(o) = o**3 + 7*o**2 + 5*o + 3. Suppose 12 = -3*i - 0. Is m(i) composite?
False
Suppose -2*g + 29 + 13 = 0. Suppose -4*c + 3*x = -g, -x + 0*x = 3. Suppose c*t = t + 62. Is t prime?
True
Suppose -2*v - 9 = -3*v. Suppose 3*c + 0 = -v. Let u = c - -38. Is u composite?
True
Suppose -2*l + 0*l - 24 = 0. Let r be 3*1*(-20)/l. Suppose x - 52 = -r. Is x composite?
False
S